prime factors of 8939.
7, 1277
List the prime factors of 9082.
2, 19, 239
What are the prime factors of 7364?
2, 7, 263
List the prime factors of 32578.
2, 7, 13, 179
List the prime factors of 701.
701
What are the prime factors of 1844?
2, 461
What are the prime factors of 9975?
3, 5, 7, 19
List the prime factors of 15270.
2, 3, 5, 509
List the prime factors of 1539.
3, 19
What are the prime factors of 72161?
72161
List the prime factors of 1066.
2, 13, 41
List the prime factors of 1975.
5, 79
List the prime factors of 8029.
7, 31, 37
List the prime factors of 1794.
2, 3, 13, 23
What are the prime factors of 4382?
2, 7, 313
List the prime factors of 9167.
89, 103
What are the prime factors of 2478?
2, 3, 7, 59
What are the prime factors of 3745?
5, 7, 107
What are the prime factors of 786?
2, 3, 131
What are the prime factors of 975?
3, 5, 13
List the prime factors of 1521.
3, 13
List the prime factors of 31182.
2, 3, 5197
What are the prime factors of 1278?
2, 3, 71
What are the prime factors of 8421?
3, 7, 401
What are the prime factors of 293?
293
List the prime factors of 57387.
3, 11, 37, 47
What are the prime factors of 41775?
3, 5, 557
List the prime factors of 2094.
2, 3, 349
List the prime factors of 136360.
2, 5, 7, 487
List the prime factors of 7743.
3, 29, 89
List the prime factors of 15774.
2, 3, 11, 239
List the prime factors of 412.
2, 103
What are the prime factors of 2485?
5, 7, 71
What are the prime factors of 3835?
5, 13, 59
What are the prime factors of 1340?
2, 5, 67
What are the prime factors of 2390?
2, 5, 239
What are the prime factors of 20824?
2, 19, 137
What are the prime factors of 416?
2, 13
What are the prime factors of 25621?
25621
List the prime factors of 3017.
7, 431
List the prime factors of 1610.
2, 5, 7, 23
List the prime factors of 6088.
2, 761
List the prime factors of 91342.
2, 109, 419
List the prime factors of 6659.
6659
List the prime factors of 1138.
2, 569
What are the prime factors of 312?
2, 3, 13
List the prime factors of 69554.
2, 83, 419
What are the prime factors of 909?
3, 101
List the prime factors of 861.
3, 7, 41
What are the prime factors of 809?
809
List the prime factors of 13992.
2, 3, 11, 53
List the prime factors of 1402.
2, 701
List the prime factors of 256.
2
What are the prime factors of 247?
13, 19
List the prime factors of 16527.
3, 7, 787
What are the prime factors of 4702?
2, 2351
List the prime factors of 684.
2, 3, 19
What are the prime factors of 1317?
3, 439
What are the prime factors of 209?
11, 19
List the prime factors of 37378.
2, 11, 1699
What are the prime factors of 6116?
2, 11, 139
List the prime factors of 3060.
2, 3, 5, 17
List the prime factors of 1985.
5, 397
List the prime factors of 21732.
2, 3, 1811
What are the prime factors of 446?
2, 223
List the prime factors of 371.
7, 53
What are the prime factors of 852?
2, 3, 71
What are the prime factors of 2445?
3, 5, 163
List the prime factors of 21220.
2, 5, 1061
What are the prime factors of 27600?
2, 3, 5, 23
List the prime factors of 1126.
2, 563
List the prime factors of 1365.
3, 5, 7, 13
List the prime factors of 2500.
2, 5
List the prime factors of 9390.
2, 3, 5, 313
List the prime factors of 3151.
23, 137
What are the prime factors of 4044?
2, 3, 337
List the prime factors of 2223.
3, 13, 19
List the prime factors of 5692.
2, 1423
What are the prime factors of 90215?
5, 18043
What are the prime factors of 7057?
7057
List the prime factors of 1716.
2, 3, 11, 13
What are the prime factors of 301?
7, 43
List the prime factors of 26828.
2, 19, 353
What are the prime factors of 968?
2, 11
List the prime factors of 45880.
2, 5, 31, 37
What are the prime factors of 44691?
3, 14897
What are the prime factors of 1673?
7, 239
List the prime factors of 3688.
2, 461
What are the prime factors of 891?
3, 11
List the prime factors of 20392.
2, 2549
List the prime factors of 1154.
2, 577
List the prime factors of 42162.
2, 3, 7027
List the prime factors of 4364.
2, 1091
List the prime factors of 56456.
2, 7057
What are the prime factors of 1421?
7, 29
List the prime factors of 66692.
2, 16673
List the prime factors of 89430.
2, 3, 5, 11, 271
List the prime factors of 857.
857
List the prime factors of 1352.
2, 13
List the prime factors of 80423.
7, 11489
What are the prime factors of 526?
2, 263
What are the prime factors of 7365?
3, 5, 491
List the prime factors of 16961.
7, 2423
List the prime factors of 15993.
3, 1777
List the prime factors of 198944.
2, 6217
What are the prime factors of 7401?
3, 2467
What are the prime factors of 50033?
50033
What are the prime factors of 71723?
17, 4219
What are the prime factors of 25470?
2, 3, 5, 283
What are the prime factors of 889?
7, 127
List the prime factors of 16397.
19, 863
What are the prime factors of 877?
877
List the prime factors of 7386.
2, 3, 1231
What are the prime factors of 53868?
2, 3, 67
What are the prime factors of 9049?
9049
List the prime factors of 203582.
2, 137, 743
What are the prime factors of 24680?
2, 5, 617
What are the prime factors of 18927?
3, 701
List the prime factors of 64267.
7, 9181
What are the prime factors of 1112?
2, 139
What are the prime factors of 36319?
36319
List the prime factors of 16950.
2, 3, 5, 113
What are the prime factors of 4134?
2, 3, 13, 53
What are the prime factors of 3644?
2, 911
List the prime factors of 13023.
3, 1447
List the prime factors of 5429.
61, 89
What are the prime factors of 6842?
2, 11, 311
List the prime factors of 103929.
3, 7, 101
List the prime factors of 36141.
3, 7, 1721
List the prime factors of 3005.
5, 601
What are the prime factors of 17014?
2, 47, 181
List the prime factors of 5907.
3, 11, 179
What are the prime factors of 2666?
2, 31, 43
What are the prime factors of 127552?
2, 1993
What are the prime factors of 1760?
2, 5, 11
List the prime factors of 16165.
5, 53, 61
What are the prime factors of 546?
2, 3, 7, 13
List the prime factors of 6561.
3
What are the prime factors of 26952?
2, 3, 1123
What are the prime factors of 23046?
2, 3, 23, 167
What are the prime factors of 153875?
5, 1231
List the prime factors of 1442.
2, 7, 103
List the prime factors of 1470.
2, 3, 5, 7
List the prime factors of 2269.
2269
What are the prime factors of 49545?
3, 5, 367
What are the prime factors of 31702?
2, 11, 131
List the prime factors of 32025.
3, 5, 7, 61
What are the prime factors of 5340?
2, 3, 5, 89
What are the prime factors of 19083?
3, 6361
What are the prime factors of 10821?
3, 3607
List the prime factors of 3310.
2, 5, 331
What are the prime factors of 691?
691
List the prime factors of 131857.
11, 11987
What are the prime factors of 78775?
5, 23, 137
List the prime factors of 43091.
41, 1051
What are the prime factors of 948?
2, 3, 79
What are the prime factors of 2658?
2, 3, 443
What are the prime factors of 1550?
2, 5, 31
List the prime factors of 611.
13, 47
List the prime factors of 21645.
3, 5, 13, 37
List the prime factors of 33224.
2, 4153
List the prime factors of 12487.
12487
List the prime factors of 1501.
19, 79
What are the prime factors of 613?
613
What are the prime factors of 7153?
23, 311
What are the prime factors of 44542?
2, 22271
What are the prime factors of 69013?
7, 9859
List the prime factors of 113727.
3, 167, 227
List the prime factors of 2964.
2, 3, 13, 19
What are the prime factors of 27878?
2, 53, 263
List the prime factors of 178.
2, 89
List the prime factors of 8842.
2, 4421
List the prime factors of 134021.
23, 5827
List the prime factors of 64685.
5, 17, 761
What are the prime factors of 12704?
2, 397
List the prime factors of 63921.
3, 11, 13, 149
List the prime factors of 50866.
2, 29, 877
List the prime factors of 1860.
2, 3, 5, 31
List the prime factors of 6201.
3, 13, 53
What are the prime factors of 141682?
2, 70841
What are the prime factors of 1158?
2, 3, 193
What are the prime factors of 2460?
2, 3, 5, 41
What are the prime factors of 1728?
2, 3
What are the prime factors of 8447?
8447
What are the prime factors of 755?
5, 151
List the prime factors of 2096.
2, 131
List the prime factors of 7819.
7, 1117
What are the prime factors of 67836?
2, 3, 5653
What are the prime factors of 2429?
7, 347
What are the prime factors of 10414?
2, 41, 127
Li